{"id":22,"date":"2010-03-22T18:37:19","date_gmt":"2010-03-22T18:37:19","guid":{"rendered":"http:\/\/192.168.13.234\/?page_id=22"},"modified":"2022-05-24T08:19:29","modified_gmt":"2022-05-24T08:19:29","slug":"mladi-hasici","status":"publish","type":"page","link":"https:\/\/oshol.hasici-ol.cz\/?page_id=22","title":{"rendered":"MLAD\u00cd HASI\u010cI"},"content":{"rendered":"<p>V sekci &#8222;Mlad\u00ed hasi\u010di&#8220; najdete informace k \u010dinnosti MH jako jsou materi\u00e1ly pro vedouc\u00ed kolektivu MH, pozv\u00e1nky na \u0161kolen\u00ed, t\u00e1bory atd. V podsekci nap\u0159. &#8222;PO o\u010dima d\u011bt\u00ed&#8220; a &#8222;Plamen&#8220; naleznete info k dan\u00e9 problematice. Podsekce &#8222;Dorost&#8220; V\u00e1m nab\u00eddne info k v\u011bkov\u00e9 kategorii dorostu.<\/p>\n<p><a href=\"https:\/\/oshol.hasici-ol.cz\/wp-content\/uploads\/2021\/05\/cestne_prohlaseni_covid_2.doc\">\u010cestn\u00e9 prohl\u00e1\u0161en\u00ed COVID &#8211; d\u00edt\u011b<\/a><\/p>\n<p>Registra\u010dn\u00ed list kolektivu MH (nov\u00fd) &#8211;&nbsp;<a href=\"https:\/\/oshol.hasici-ol.cz\/wp-content\/uploads\/2019\/10\/Registra\u010dn\u00ed-list-od-2019.xls\">Registra\u010dn\u00ed list<\/a><\/p>\n<p>&nbsp;<\/p>\n","protected":false},"excerpt":{"rendered":"<p>V sekci &#8222;Mlad\u00ed hasi\u010di&#8220; najdete informace k \u010dinnosti MH jako jsou materi\u00e1ly pro vedouc\u00ed kolektivu MH, pozv\u00e1nky na \u0161kolen\u00ed, t\u00e1bory atd. V podsekci nap\u0159. &#8222;PO o\u010dima d\u011bt\u00ed&#8220; a &#8222;Plamen&#8220; naleznete info k dan\u00e9 problematice. Podsekce &hellip;<\/p>\n","protected":false},"author":1,"featured_media":0,"parent":0,"menu_order":4,"comment_status":"closed","ping_status":"closed","template":"","meta":{"ngg_post_thumbnail":0,"footnotes":""},"class_list":["post-22","page","type-page","status-publish","hentry"],"_links":{"self":[{"href":"https:\/\/oshol.hasici-ol.cz\/index.php?rest_route=\/wp\/v2\/pages\/22","targetHints":{"allow":["GET"]}}],"collection":[{"href":"https:\/\/oshol.hasici-ol.cz\/index.php?rest_route=\/wp\/v2\/pages"}],"about":[{"href":"https:\/\/oshol.hasici-ol.cz\/index.php?rest_route=\/wp\/v2\/types\/page"}],"author":[{"embeddable":true,"href":"https:\/\/oshol.hasici-ol.cz\/index.php?rest_route=\/wp\/v2\/users\/1"}],"replies":[{"embeddable":true,"href":"https:\/\/oshol.hasici-ol.cz\/index.php?rest_route=%2Fwp%2Fv2%2Fcomments&post=22"}],"version-history":[{"count":59,"href":"https:\/\/oshol.hasici-ol.cz\/index.php?rest_route=\/wp\/v2\/pages\/22\/revisions"}],"predecessor-version":[{"id":6756,"href":"https:\/\/oshol.hasici-ol.cz\/index.php?rest_route=\/wp\/v2\/pages\/22\/revisions\/6756"}],"wp:attachment":[{"href":"https:\/\/oshol.hasici-ol.cz\/index.php?rest_route=%2Fwp%2Fv2%2Fmedia&parent=22"}],"curies":[{"name":"wp","href":"https:\/\/api.w.org\/{rel}","templated":true}]}}