{"id":46,"date":"2010-03-22T18:40:08","date_gmt":"2010-03-22T18:40:08","guid":{"rendered":"http:\/\/192.168.13.234\/?page_id=46"},"modified":"2026-03-24T14:05:36","modified_gmt":"2026-03-24T14:05:36","slug":"pravodaj-osh","status":"publish","type":"page","link":"https:\/\/oshol.hasici-ol.cz\/?page_id=46","title":{"rendered":"JSDH obc\u00ed &#8211; v\u00fdcvik"},"content":{"rendered":"<p><strong>Materi\u00e1ly pro odbornou p\u0159\u00edpravu lze z\u00edskat:<\/strong><\/p>\n<p><br><a href=\"http:\/\/www.hzscr.cz\/hzs-olomouckeho-kraje.aspx\">www.hzscr.cz\/hzs-olomouckeho-kraje.aspx<\/a> Jednotky po\u017e\u00e1rn\u00ed ochrany \u2013 Odborn\u00e1 p\u0159\u00edprava<br><a href=\"http:\/\/www.pozary.cz\">www.pozary.cz<\/a> Vzd\u011bl\u00e1v\u00e1n\u00ed (doporu\u010duje se sledovat)<br><a href=\"http:\/\/www.dh.cz\">www.dh.cz<\/a> Represe \u2013 Rada velitel\u016f<br><a href=\"http:\/\/www.cahd.cz\">www.cahd.cz<\/a> Souhrn metodick\u00fdch p\u0159edpis\u016f pro \u010dinnost JPO (vpravo naho\u0159e)<\/p>\n\n\n<p><\/p>\n","protected":false},"excerpt":{"rendered":"<p>Materi\u00e1ly pro odbornou p\u0159\u00edpravu lze z\u00edskat: www.hzscr.cz\/hzs-olomouckeho-kraje.aspx Jednotky po\u017e\u00e1rn\u00ed ochrany \u2013 Odborn\u00e1 p\u0159\u00edpravawww.pozary.cz Vzd\u011bl\u00e1v\u00e1n\u00ed (doporu\u010duje se sledovat)www.dh.cz Represe \u2013 Rada velitel\u016fwww.cahd.cz Souhrn metodick\u00fdch p\u0159edpis\u016f pro \u010dinnost JPO (vpravo naho\u0159e)<\/p>\n","protected":false},"author":1,"featured_media":0,"parent":0,"menu_order":7,"comment_status":"closed","ping_status":"closed","template":"","meta":{"ngg_post_thumbnail":0,"footnotes":""},"class_list":["post-46","page","type-page","status-publish","hentry"],"_links":{"self":[{"href":"https:\/\/oshol.hasici-ol.cz\/index.php?rest_route=\/wp\/v2\/pages\/46","targetHints":{"allow":["GET"]}}],"collection":[{"href":"https:\/\/oshol.hasici-ol.cz\/index.php?rest_route=\/wp\/v2\/pages"}],"about":[{"href":"https:\/\/oshol.hasici-ol.cz\/index.php?rest_route=\/wp\/v2\/types\/page"}],"author":[{"embeddable":true,"href":"https:\/\/oshol.hasici-ol.cz\/index.php?rest_route=\/wp\/v2\/users\/1"}],"replies":[{"embeddable":true,"href":"https:\/\/oshol.hasici-ol.cz\/index.php?rest_route=%2Fwp%2Fv2%2Fcomments&post=46"}],"version-history":[{"count":13,"href":"https:\/\/oshol.hasici-ol.cz\/index.php?rest_route=\/wp\/v2\/pages\/46\/revisions"}],"predecessor-version":[{"id":7901,"href":"https:\/\/oshol.hasici-ol.cz\/index.php?rest_route=\/wp\/v2\/pages\/46\/revisions\/7901"}],"wp:attachment":[{"href":"https:\/\/oshol.hasici-ol.cz\/index.php?rest_route=%2Fwp%2Fv2%2Fmedia&parent=46"}],"curies":[{"name":"wp","href":"https:\/\/api.w.org\/{rel}","templated":true}]}}