{"id":5480,"date":"2019-02-25T08:18:48","date_gmt":"2019-02-25T08:18:48","guid":{"rendered":"http:\/\/oshol.hasici-ol.cz\/?page_id=5480"},"modified":"2026-04-01T04:21:29","modified_gmt":"2026-04-01T04:21:29","slug":"olomoucke-sedesatky-serial-zavodu","status":"publish","type":"page","link":"https:\/\/oshol.hasici-ol.cz\/?page_id=5480","title":{"rendered":"Olomouck\u00e9 \u0161edes\u00e1tky &#8211; seri\u00e1l z\u00e1vod\u016f v b\u011bhu na 60m"},"content":{"rendered":"<p><strong>Ro\u010dn\u00edk 2026<\/strong><\/p>\n<p><a href=\"https:\/\/oshol.hasici-ol.cz\/wp-content\/uploads\/2026\/04\/OZ-Dolanske-sedesatky-25.4.2026.pdf\">OZ Dolansk\u00e9 \u0161edes\u00e1tky 25.4.2026<\/a><\/p>\n<p><a href=\"https:\/\/oshol.hasici-ol.cz\/wp-content\/uploads\/2026\/02\/OZ-serialu-Olomoucke-sedesatky-2026.pdf\">OZ seri\u00e1lu Olomouck\u00e9 \u0161edes\u00e1tky 2026<\/a><\/p>\n<p><a href=\"https:\/\/oshol.hasici-ol.cz\/wp-content\/uploads\/2026\/02\/OZ-Slezsky-pohar-2026.pdf\">OZ Slezsk\u00fd poh\u00e1r 2026<\/a><\/p>\n<p><a href=\"https:\/\/oshol.hasici-ol.cz\/wp-content\/uploads\/2026\/03\/OZ-postupujicich-z-KSH-na-MCR-60m-2026.pdf\">OZ postupuj\u00edc\u00edch z KSH na M\u010cR 60m 2026<\/a><\/p>\n<p><strong>Ro\u010dn\u00edk 2025<\/strong><\/p>\n<p>OSH Olomouc D\u011aKUJE v\u0161em po\u0159adatel\u016fm d\u00edl\u010d\u00edch z\u00e1vod\u016f seri\u00e1lu za skv\u011ble p\u0159ipraven\u00e9 z\u00e1vody a v\u00fdbornou spolupr\u00e1ci s OSH. Pod\u011bkov\u00e1n\u00ed pat\u0159\u00ed i v\u0161em z\u00e1vodn\u00edk\u016fm a jejich vedouc\u00edm za p\u0159\u00edze\u0148, f\u00e9rov\u00fd p\u0159\u00edstup a skv\u011blou atmosf\u00e9ru, kterou na sout\u011b\u017e\u00edch vytv\u00e1\u0159\u00edte.<\/p>\n<p><a href=\"https:\/\/oshol.hasici-ol.cz\/wp-content\/uploads\/2025\/08\/Konecne-vysledky-serialu-OL60.pdf\">Kone\u010dn\u00e9 v\u00fdsledky seri\u00e1lu OL60<\/a><\/p>\n<p><a href=\"https:\/\/oshol.hasici-ol.cz\/wp-content\/uploads\/2025\/08\/Vysledky-Olomoucky-drak-31.8.2025.pdf\">V\u00fdsledky Olomouck\u00fd drak, 31.8.2025<\/a><\/p>\n<p><a href=\"https:\/\/oshol.hasici-ol.cz\/wp-content\/uploads\/2025\/08\/OZ-Olomoucky-drak-31.8.2025.pdf\">OZ Olomouck\u00fd drak 31.8.2025<\/a><\/p>\n<p>Po sout\u011b\u017ei Olomouck\u00fd drak prob\u011bhne i vyhodnocen\u00ed seri\u00e1lu z\u00e1vod\u016f Olomouck\u00e9 \u0161edes\u00e1tky 2025.<\/p>\n<p><a href=\"https:\/\/oshol.hasici-ol.cz\/wp-content\/uploads\/2025\/08\/OL60-prubezne-vysledky-k-24.8.2025.pdf\">OL60 pr\u016fb\u011b\u017en\u00e9 v\u00fdsledky k 24.8.2025<\/a><\/p>\n<p><a href=\"https:\/\/oshol.hasici-ol.cz\/wp-content\/uploads\/2025\/08\/Vysledky-Hlubocsky-hrebik-23.8.pdf\">V\u00fdsledky Hlubo\u010dsk\u00fd h\u0159eb\u00edk, 23.8.<\/a><\/p>\n<p><a href=\"https:\/\/oshol.hasici-ol.cz\/wp-content\/uploads\/2025\/07\/OZ-Hlubocsky-hrebik-23.8.pdf\">OZ Hlubo\u010dsk\u00fd h\u0159eb\u00edk 23.8.<\/a><\/p>\n<p><a href=\"https:\/\/oshol.hasici-ol.cz\/wp-content\/uploads\/2025\/07\/Prubezne-vysledky-serialu-OL60-po-trech-zavodech.pdf\">Pr\u016fb\u011b\u017en\u00e9 v\u00fdsledky seri\u00e1lu OL60 po t\u0159ech z\u00e1vodech<\/a><\/p>\n<p><a href=\"https:\/\/oshol.hasici-ol.cz\/wp-content\/uploads\/2025\/07\/Vysledky-Ridecske-sedesatky-12.7.pdf\">V\u00fdsledky &#8211; \u0158\u00edde\u010dsk\u00e9 \u0161edes\u00e1tky 12.7.<\/a><\/p>\n<p><a href=\"https:\/\/oshol.hasici-ol.cz\/wp-content\/uploads\/2025\/06\/OZ-Ridecske-sedesatky-12.7.2025.pdf\">OZ \u0158\u00edde\u010dsk\u00e9 \u0161edes\u00e1tky 12.7.2025<\/a><\/p>\n<p><a href=\"https:\/\/oshol.hasici-ol.cz\/wp-content\/uploads\/2025\/07\/Vysledky-Sedesatky-pod-Slunecnou-Mor.-Beroun-5.7.pdf\">V\u00fdsledky &#8211; \u0160edes\u00e1tky pod Slune\u010dnou, Mor. Beroun 5.7.<\/a><\/p>\n<p><a href=\"https:\/\/oshol.hasici-ol.cz\/wp-content\/uploads\/2025\/06\/OZ-60\u2013tky-pod-Slunecnou-M.Beroun-5.7.2025.pdf\">OZ, 60\u2013tky pod Slune\u010dnou M.Beroun 5.7.2025<\/a><\/p>\n<p><a href=\"https:\/\/oshol.hasici-ol.cz\/wp-content\/uploads\/2025\/04\/Vysledky-Dolanske-sedesatky-26.4.pdf\">V\u00fdsledky-Dolansk\u00e9 \u0161edes\u00e1tky 26.4.<\/a><\/p>\n<p><a href=\"https:\/\/oshol.hasici-ol.cz\/wp-content\/uploads\/2025\/03\/OZ-Dolanske-sedesatky-26.4.pdf\">OZ Dolansk\u00e9 \u0161edes\u00e1tky 26.4.<\/a><\/p>\n<p><a href=\"https:\/\/oshol.hasici-ol.cz\/wp-content\/uploads\/2025\/02\/OZ-Olomoucke-sedesatky-2025-1.pdf\">OZ Olomouck\u00e9 \u0161edes\u00e1tky 2025<\/a><\/p>\n<p><a href=\"https:\/\/oshol.hasici-ol.cz\/wp-content\/uploads\/2025\/02\/OZ-Slezsky-pohar-2025.pdf\">OZ Slezsk\u00fd poh\u00e1r 2025<\/a> + <a href=\"https:\/\/oshol.hasici-ol.cz\/wp-content\/uploads\/2025\/02\/Prihlasovani-pres-hasicovo.pdf\">P\u0159ihla\u0161ov\u00e1ni p\u0159es hasi\u010dovo<\/a><\/p>\n<p><a href=\"https:\/\/oshol.hasici-ol.cz\/wp-content\/uploads\/2025\/02\/OZ-Poharu-KSH-MSK-v-serialu-TFA-mladych-hasicu-2025.pdf\">OZ Poh\u00e1ru KSH MSK v seri\u00e1lu TFA mlad\u00fdch hasi\u010d\u016f 2025<\/a><\/p>\n<p><strong>Ro\u010dn\u00edk 2024<\/strong><\/p>\n<p><a href=\"https:\/\/oshol.hasici-ol.cz\/wp-content\/uploads\/2024\/09\/Vysledky-serialu-OL60-2024.pdf\">V\u00fdsledky seri\u00e1lu OL60 2024<\/a><\/p>\n<p><a href=\"https:\/\/oshol.hasici-ol.cz\/wp-content\/uploads\/2024\/09\/Vysledky-Olomoucky-drak-2024.pdf\">V\u00fdsledky Olomouck\u00fd drak 2024<\/a><\/p>\n<p><a href=\"https:\/\/oshol.hasici-ol.cz\/wp-content\/uploads\/2024\/08\/OZ-Olomoucky-drak-31.-7.-2024.pdf\">OZ Olomouck\u00fd drak 31. 7. 2024<\/a><\/p>\n<p>Pr\u016fb\u011b\u017en\u00e9 v\u00fdsledky seri\u00e1lu po 4 z\u00e1vodech k 3.8.2024 &#8211; <a href=\"https:\/\/oshol.hasici-ol.cz\/wp-content\/uploads\/2024\/08\/kat.-mladsi.pdf\">&nbsp;kat. mlad\u0161\u00ed<\/a> + <a href=\"https:\/\/oshol.hasici-ol.cz\/wp-content\/uploads\/2024\/08\/kat.-starsi.pdf\">kat. star\u0161\u00ed<\/a><\/p>\n<p><a href=\"https:\/\/oshol.hasici-ol.cz\/wp-content\/uploads\/2024\/08\/3.8.-Hlubocsky-hrebik-vysledky.pdf\">3.8. Hlubo\u010dsk\u00fd h\u0159eb\u00edk v\u00fdsledky<\/a><\/p>\n<p><a href=\"https:\/\/oshol.hasici-ol.cz\/wp-content\/uploads\/2024\/07\/Hrebik-2024.pdf\">Hlubo\u010dsk\u00fd H\u0159eb\u00edk 2024<\/a>&nbsp;<\/p>\n<p><a href=\"https:\/\/oshol.hasici-ol.cz\/wp-content\/uploads\/2024\/07\/Prubezne-vysledky-serialu-po-3-zavodech-k-15.7.pdf\">\u0158\u00edde\u010dsk\u00e9 \u0161edes\u00e1tky v\u00fdsledky<\/a><\/p>\n<p><a href=\"https:\/\/oshol.hasici-ol.cz\/wp-content\/uploads\/2024\/06\/14.7.-OZ-Ridecske-sedesatky.pdf\">14.7. OZ \u0158\u00edde\u010dsk\u00e9 \u0161edes\u00e1tky<\/a><\/p>\n<p><a href=\"https:\/\/oshol.hasici-ol.cz\/wp-content\/uploads\/2024\/07\/60-tky-pod-Slunecnou-M.-Beroun-vysledky-1.pdf\">60-tky pod Slune\u010dnou (M. Beroun) &#8211; v\u00fdsledky<\/a><\/p>\n<p><a href=\"https:\/\/oshol.hasici-ol.cz\/wp-content\/uploads\/2024\/06\/6.7.-OZ-Moravsky-Beroun.pdf\">6.7. OZ Moravsk\u00fd Beroun<\/a><\/p>\n<p><a href=\"https:\/\/oshol.hasici-ol.cz\/wp-content\/uploads\/2024\/04\/Dolanske-sedesatky-vysledky.pdf\">Dolansk\u00e9 \u0161edes\u00e1tky v\u00fdsledky<\/a><\/p>\n<p><a href=\"https:\/\/oshol.hasici-ol.cz\/wp-content\/uploads\/2024\/04\/27.4.-OZ-Dolanske\u0301-s\u030cedesa\u0301tky.pdf\">27.4. OZ Dolanske\u0301 s\u030cedesa\u0301tky<\/a><\/p>\n<p><a href=\"https:\/\/oshol.hasici-ol.cz\/wp-content\/uploads\/2024\/02\/OZ-Olomoucke-sedesatky-2024.pdf\">OZ Olomouck\u00e9 \u0161edes\u00e1tky 2024<\/a><\/p>\n<p>Krajsk\u00e9 kolo 60m p\u0159ek\u00e1\u017eek (o postup na M\u010cR) prob\u011bhne 7.9.2024 v Bludov\u011b.<\/p>\n<p><a href=\"https:\/\/oshol.hasici-ol.cz\/wp-content\/uploads\/2024\/02\/OZ-Slezsky-pohar-2024.pdf\">OZ Slezsk\u00fd poh\u00e1r 2024<\/a><\/p>\n<p><a href=\"https:\/\/oshol.hasici-ol.cz\/wp-content\/uploads\/2024\/02\/OZ-TFA-MSK-mladych-hasicu-2024.pdf\">OZ TFA MSK &#8211; mlad\u00fdch hasi\u010d\u016f 2024<\/a><\/p>\n<p><strong>Ro\u010dn\u00edk 2023<\/strong><\/p>\n<p><a href=\"https:\/\/oshol.hasici-ol.cz\/wp-content\/uploads\/2023\/09\/Vysledky-serialu-Olomoucke-sedesatky-2023-kat.-MLADSI.pdf\">V\u00fdsledky seri\u00e1lu Olomouck\u00e9 \u0161edes\u00e1tky 2023 kat. MLAD\u0160\u00cd<\/a><\/p>\n<p><a href=\"https:\/\/oshol.hasici-ol.cz\/wp-content\/uploads\/2023\/09\/Vysledky-serialu-Olomoucke-sedesatky-2023-kat.-STARSI.pdf\">V\u00fdsledky seri\u00e1lu Olomouck\u00e9 \u0161edes\u00e1tky 2023 kat. STAR\u0160\u00cd<\/a><\/p>\n<p>V\u00fdsledky Olomouck\u00fd drak 3.9.2023 &#8211; <a href=\"https:\/\/oshol.hasici-ol.cz\/wp-content\/uploads\/2023\/09\/MLADSI.pdf\">MLAD\u0160\u00cd<\/a> , <a href=\"https:\/\/oshol.hasici-ol.cz\/wp-content\/uploads\/2023\/09\/STARSI.pdf\">STAR\u0160\u00cd<\/a><\/p>\n<p><a href=\"https:\/\/oshol.hasici-ol.cz\/wp-content\/uploads\/2023\/08\/OZ-Olomoucky-drak-3.9.2023.pdf\">OZ Olomouck\u00fd drak 3.9.2023<\/a><\/p>\n<p>V\u00fdsledky &#8211; <a href=\"https:\/\/oshol.hasici-ol.cz\/wp-content\/uploads\/2023\/08\/Hlubocsky-hrebik-19.8.2023.pdf\">Hlubo\u010dsk\u00fd h\u0159eb\u00edk 19.8.2023<\/a><\/p>\n<p><a href=\"https:\/\/oshol.hasici-ol.cz\/wp-content\/uploads\/2023\/08\/Hlubocky-Hrebik-19.8.2023-pozor-zmena-mista-zavodu-fotbalove-hriste.pdf\">Hlubo\u010dky H\u0159eb\u00edk 19.8.2023 &#8211; pozor zm\u011bna m\u00edsta z\u00e1vodu (fotbalov\u00e9 h\u0159i\u0161t\u011b)<\/a><\/p>\n<p>V\u00fdsledky &#8211; \u0158\u00edde\u010dsk\u00e9 \u0161edes\u00e1tky 16.7.2023 &#8211; <a href=\"https:\/\/oshol.hasici-ol.cz\/wp-content\/uploads\/2023\/07\/mladsi.pdf.pdf\">mlad\u0161\u00ed.pdf<\/a> a <a href=\"https:\/\/oshol.hasici-ol.cz\/wp-content\/uploads\/2023\/07\/starsi.pdf.pdf\">star\u0161\u00ed.pdf<\/a><\/p>\n<p><a href=\"https:\/\/oshol.hasici-ol.cz\/wp-content\/uploads\/2023\/06\/OZ-Ridecske-sedesatky-16.7.2023.pdf\">OZ \u0158\u00edde\u010dsk\u00e9 \u0161edes\u00e1tky 16.7.2023<\/a><\/p>\n<p>V\u00fdsledky &#8211; \u0160edes\u00e1tkov\u00e1n\u00ed pod Slune\u010dnou Mor. Beroun 8.7.2023 &#8211; <a href=\"https:\/\/oshol.hasici-ol.cz\/wp-content\/uploads\/2023\/07\/kat.-mladsi.pdf\">kat. mlad\u0161\u00ed<\/a>, <a href=\"https:\/\/oshol.hasici-ol.cz\/wp-content\/uploads\/2023\/07\/kat.-starsi.pdf\">kat. star\u0161\u00ed<\/a><\/p>\n<p><a href=\"https:\/\/oshol.hasici-ol.cz\/wp-content\/uploads\/2023\/06\/OZ-60m-Mor.-Beroun-8.7.2023.pdf\">OZ 60m Mor. Beroun 8.7.2023<\/a><\/p>\n<p><a href=\"https:\/\/oshol.hasici-ol.cz\/wp-content\/uploads\/2023\/05\/Vysledky-Dolanske-sedesatky-6.5.2023.pdf\">V\u00fdsledky &#8211; Dolansk\u00e9 \u0161edes\u00e1tky 6.5.2023<\/a><\/p>\n<p><a href=\"https:\/\/oshol.hasici-ol.cz\/wp-content\/uploads\/2023\/03\/OZ-Dolanske\u0301-s\u030cedesa\u0301tky-6.5.2023.pdf\">OZ Dolanske\u0301 s\u030cedesa\u0301tky 6.5.2023<\/a><\/p>\n<p><a href=\"https:\/\/oshol.hasici-ol.cz\/wp-content\/uploads\/2023\/03\/Olomoucke-sedesatky-2023.pdf\">Olomouck\u00e9 \u0161edes\u00e1tky 2023<\/a><\/p>\n<p>Informace z Moravskoslezsk\u00e9ho kraje:<\/p>\n<p><a href=\"https:\/\/oshol.hasici-ol.cz\/wp-content\/uploads\/2023\/03\/Slezsky-pohar-23.pdf\">Slezsk\u00fd poh\u00e1r 23<\/a><\/p>\n<p><a href=\"https:\/\/oshol.hasici-ol.cz\/wp-content\/uploads\/2023\/03\/II_rocnikTFA_MH_pravidla.pdf\">II_rocnikTFA_MH_pravidla<\/a><\/p>\n<p><strong>Ro\u010dn\u00edk 2022<\/strong><\/p>\n<p><a href=\"https:\/\/oshol.hasici-ol.cz\/wp-content\/uploads\/2022\/09\/Celkove-vysledky-serialu-Olomouckych-sedesatek-2022-kat.-mladsi.pdf\">Celkov\u00e9 v\u00fdsledky seri\u00e1lu Olomouck\u00fdch \u0161edes\u00e1tek 2022 kat. mlad\u0161\u00ed<\/a><\/p>\n<p><a href=\"https:\/\/oshol.hasici-ol.cz\/wp-content\/uploads\/2022\/09\/Celkove-vysledky-serialu-Olomouckych-sedesatek-2022-kat.-starsi.pdf\">Celkov\u00e9 v\u00fdsledky seri\u00e1lu Olomouck\u00fdch \u0161edes\u00e1tek 2022 kat. star\u0161\u00ed<\/a><\/p>\n<p>V. z\u00e1vod OL60 Olomouc 3.9. v\u00fdsledky &#8211; <a href=\"https:\/\/oshol.hasici-ol.cz\/wp-content\/uploads\/2022\/09\/kat.-pripravka-a-mladsi.pdf\">kat. p\u0159\u00edpravka a mlad\u0161\u00ed<\/a> + <a href=\"https:\/\/oshol.hasici-ol.cz\/wp-content\/uploads\/2022\/09\/kat.-starsi.pdf\">kat. star\u0161\u00ed<\/a><\/p>\n<p><a href=\"https:\/\/oshol.hasici-ol.cz\/wp-content\/uploads\/2022\/07\/IV.-zavod-OL60-Hlubocky-23.7.-vysledky-.pdf\">IV. z\u00e1vod OL60 Hlubo\u010dky 23.7. &#8211; v\u00fdsledky<\/a><\/p>\n<p><a href=\"https:\/\/oshol.hasici-ol.cz\/wp-content\/uploads\/2022\/07\/III.-zavod-OL60-Ridec-17.7.-vysledky.pdf\">III. z\u00e1vod OL60 \u0158\u00edde\u010d 17.7. &#8211; v\u00fdsledky<\/a><\/p>\n<p><a href=\"https:\/\/oshol.hasici-ol.cz\/wp-content\/uploads\/2022\/07\/II.-zavod-OL60-Mor.-Beroun-9.7.-vysledky-1.pdf\">II. z\u00e1vod OL60 Mor. Beroun 9.7. &#8211; v\u00fdsledky<\/a><\/p>\n<p><a href=\"https:\/\/oshol.hasici-ol.cz\/wp-content\/uploads\/2022\/05\/I.-zavod-OL60-Dolany-14.5.-vysledky.pdf\">I. z\u00e1vod OL60 Dolany 14.5. &#8211; v\u00fdsledky<\/a><\/p>\n<p><a href=\"https:\/\/oshol.hasici-ol.cz\/wp-content\/uploads\/2022\/05\/Olomoucke-sedesatky-2022.pdf\">Olomouck\u00e9 \u0161edes\u00e1tky 2022<\/a>&nbsp;&#8211; podm\u00ednky seri\u00e1lu<\/p>\n<p><strong>Ro\u010dn\u00edk 2021<\/strong><\/p>\n<p><a href=\"https:\/\/oshol.hasici-ol.cz\/wp-content\/uploads\/2021\/09\/Vysledky-serialu-Olomoucke-sedesatky-2021.pdf\">V\u00fdsledky seri\u00e1lu Olomouck\u00e9 \u0161edes\u00e1tky 2021<\/a><\/p>\n<p><a href=\"https:\/\/oshol.hasici-ol.cz\/wp-content\/uploads\/2021\/09\/Vysledky-V.-souteze-17.9.-Dolany-Mladsi-divky.pdf\">V\u00fdsledky V. sout\u011b\u017ee, 17.9. Dolany Mlad\u0161\u00ed d\u00edvky,<\/a> <a href=\"https:\/\/oshol.hasici-ol.cz\/wp-content\/uploads\/2021\/09\/Mladsi-chlapci.pdf\">Mlad\u0161\u00ed chlapci,<\/a> <a href=\"https:\/\/oshol.hasici-ol.cz\/wp-content\/uploads\/2021\/09\/Starsi-divky.pdf\">Star\u0161\u00ed d\u00edvky,<\/a> <a href=\"https:\/\/oshol.hasici-ol.cz\/wp-content\/uploads\/2021\/09\/Starsi-chlapci.pdf\">Star\u0161\u00ed chlapci<\/a><\/p>\n<p><a href=\"https:\/\/oshol.hasici-ol.cz\/wp-content\/uploads\/2021\/09\/Vysledky-IV.-souteze-serialu-11.9.-Olomoucky-drak.pdf\">V\u00fdsledky IV. sout\u011b\u017ee seri\u00e1lu, 11.9. Olomouck\u00fd drak<\/a><\/p>\n<p><a href=\"https:\/\/oshol.hasici-ol.cz\/wp-content\/uploads\/2021\/08\/Vysledky-III.-souteze-serialu-15.8.-Hlubocky.pdf\">V\u00fdsledky III. sout\u011b\u017ee seri\u00e1lu, 15.8. Hlubo\u010dky<\/a><\/p>\n<p><a href=\"https:\/\/oshol.hasici-ol.cz\/wp-content\/uploads\/2021\/07\/Vysledky-II.-zavodu-serialu-17.7.-Mor.-Beroun.pdf\">V\u00fdsledky II. z\u00e1vodu seri\u00e1lu, 17.7. Mor. Beroun<\/a><\/p>\n<p><a href=\"https:\/\/oshol.hasici-ol.cz\/wp-content\/uploads\/2021\/07\/Vysledky-I.-zavodu-serialu-11.7.-Ridec.pdf\">V\u00fdsledky I. z\u00e1vodu seri\u00e1lu, 11.7. \u0158\u00edde\u010d<\/a><strong>&nbsp;<\/strong><\/p>\n<p><a href=\"https:\/\/oshol.hasici-ol.cz\/wp-content\/uploads\/2021\/02\/Olomouck\u00e9-\u0161edes\u00e1tky-2021.pdf\">Olomouck\u00e9 \u0161edes\u00e1tky 2021 &#8211; podm\u00ednky seri\u00e1lu<\/a><\/p>\n<p><strong>Ro\u010dn\u00edk 2020<\/strong><\/p>\n<p><a href=\"https:\/\/oshol.hasici-ol.cz\/wp-content\/uploads\/2020\/08\/\u0160edes\u00e1tky-pod-Slune\u010dnou-29.8.-Moravsk\u00fd-Beroun.pdf\">\u0160edes\u00e1tky pod Slune\u010dnou, 29.8. Moravsk\u00fd Beroun<\/a>&nbsp;&#8211; <a href=\"https:\/\/oshol.hasici-ol.cz\/wp-content\/uploads\/2020\/09\/V\u00fdsledky-Stovkov\u00e1n\u00ed.pdf\">V\u00fdsledky Stovkov\u00e1n\u00ed,&nbsp;<\/a> <a href=\"https:\/\/oshol.hasici-ol.cz\/wp-content\/uploads\/2020\/09\/V\u00fdsledky-60-tky.pdf\">V\u00fdsledky 60-tky<\/a><\/p>\n<p><a href=\"https:\/\/oshol.hasici-ol.cz\/wp-content\/uploads\/2020\/06\/OZ-\u0158\u00edde\u010dsk\u00e9-\u0161edes\u00e1tky-12.7.2020.pdf\">OZ \u0158\u00edde\u010dsk\u00e9 \u0161edes\u00e1tky 12.7.2020<\/a>&nbsp; &#8211; <a href=\"https:\/\/oshol.hasici-ol.cz\/wp-content\/uploads\/2020\/07\/V\u00fdsledky-2020.pdf\">V\u00fdsledky 2020<\/a><\/p>\n<p>Seri\u00e1l z\u00e1vod\u016f <strong>Olomouck\u00e9 \u0161edes\u00e1tky <\/strong>v roce <strong>2020 nebude po\u0159\u00e1d\u00e1n<\/strong>. Z pl\u00e1novan\u00fdch 5 z\u00e1vod\u016f v Hlubo\u010dk\u00e1ch, Dolanech, \u0158\u00edde\u010di, Mor. Beroun\u011b a Olomouci prob\u011bhnou pouze 2 samostatn\u00e9 z\u00e1vody o to 12.7. v \u0158\u00edde\u010di a 29.8. v Moravsk\u00e9m Beroun\u011b. Propozice t\u011bchto z\u00e1vod\u016f budou zde um\u00edst\u011bny.<\/p>\n<p><strong>Ro\u010dn\u00edk 2019<\/strong><\/p>\n<p><a href=\"https:\/\/oshol.hasici-ol.cz\/wp-content\/uploads\/2019\/09\/Olomouck\u00e9-\u0161edes\u00e1tky-po\u0159ad\u00ed-seri\u00e1lu-2019.pdf\">Olomouck\u00e9 \u0161edes\u00e1tky &#8211; po\u0159ad\u00ed seri\u00e1lu 2019<\/a><\/p>\n<p><a href=\"https:\/\/oshol.hasici-ol.cz\/wp-content\/uploads\/2019\/09\/V\u00fdsledky-IV.-z\u00e1vodu-Olomouc-14.9.2019-1.pdf\">V\u00fdsledky IV. z\u00e1vodu, Olomouc 14.9.2019<\/a><\/p>\n<p><a href=\"https:\/\/oshol.hasici-ol.cz\/wp-content\/uploads\/2019\/08\/V\u00fdsledky-III.-z\u00e1vodu-60-tky-pod-Slune\u010dnou-2019-Mor.-Beroun-18.8..pdf\">V\u00fdsledky III. z\u00e1vodu, 60-tky pod Slune\u010dnou 2019 Mor. Beroun 18.8.<\/a><\/p>\n<p><a href=\"https:\/\/oshol.hasici-ol.cz\/wp-content\/uploads\/2019\/07\/Vysledky-II.-z\u00e1vodu-z-\u0158\u00edde\u010de-14.7..pdf\">Vysledky II. z\u00e1vodu z \u0158\u00edde\u010de 14.7.<\/a><\/p>\n<p>V\u00fdsledky I. z\u00e1vodu z Dolan 22.6. &#8211; <a href=\"https:\/\/oshol.hasici-ol.cz\/wp-content\/uploads\/2019\/06\/Star\u0161\u00ed_chlapci.pdf\">Star\u0161\u00ed_chlapci<\/a> <a href=\"https:\/\/oshol.hasici-ol.cz\/wp-content\/uploads\/2019\/06\/Star\u0161\u00ed_d\u00edvky.pdf\">Star\u0161\u00ed_d\u00edvky<\/a> <a href=\"https:\/\/oshol.hasici-ol.cz\/wp-content\/uploads\/2019\/06\/Mlad\u0161\u00ed_chlapci.pdf\">Mlad\u0161\u00ed_chlapci<\/a> <a href=\"https:\/\/oshol.hasici-ol.cz\/wp-content\/uploads\/2019\/06\/Mlad\u0161\u00ed_d\u00edvky.pdf\">Mlad\u0161\u00ed_d\u00edvky<\/a><\/p>\n<p><a href=\"https:\/\/forms.gle\/ij4jQUX6bnL9mwYX8\">P\u0159ihl\u00e1\u0161en\u00ed k z\u00e1vodu dle dan\u00fdch propozic<\/a><\/p>\n<p><a href=\"https:\/\/1url.cz\/xM4ip\">Kontrola p\u0159ihl\u00e1\u0161en\u00fdch z\u00e1vodn\u00edk\u016f<\/a><\/p>\n<p><a href=\"https:\/\/oshol.hasici-ol.cz\/wp-content\/uploads\/2019\/05\/Olomouck\u00e9-\u0161edes\u00e1tky-2019-podm\u00ednky-seri\u00e1lu.pdf\">Olomouck\u00e9 \u0161edes\u00e1tky 2019 &#8211; podm\u00ednky seri\u00e1lu<\/a><\/p>\n","protected":false},"excerpt":{"rendered":"<p>Ro\u010dn\u00edk 2026 OZ Dolansk\u00e9 \u0161edes\u00e1tky 25.4.2026 OZ seri\u00e1lu Olomouck\u00e9 \u0161edes\u00e1tky 2026 OZ Slezsk\u00fd poh\u00e1r 2026 OZ postupuj\u00edc\u00edch z KSH na M\u010cR 60m 2026 Ro\u010dn\u00edk 2025 OSH Olomouc D\u011aKUJE v\u0161em po\u0159adatel\u016fm d\u00edl\u010d\u00edch z\u00e1vod\u016f seri\u00e1lu za skv\u011ble &hellip;<\/p>\n","protected":false},"author":2,"featured_media":0,"parent":22,"menu_order":1,"comment_status":"closed","ping_status":"closed","template":"","meta":{"ngg_post_thumbnail":0,"footnotes":""},"class_list":["post-5480","page","type-page","status-publish","hentry"],"_links":{"self":[{"href":"https:\/\/oshol.hasici-ol.cz\/index.php?rest_route=\/wp\/v2\/pages\/5480","targetHints":{"allow":["GET"]}}],"collection":[{"href":"https:\/\/oshol.hasici-ol.cz\/index.php?rest_route=\/wp\/v2\/pages"}],"about":[{"href":"https:\/\/oshol.hasici-ol.cz\/index.php?rest_route=\/wp\/v2\/types\/page"}],"author":[{"embeddable":true,"href":"https:\/\/oshol.hasici-ol.cz\/index.php?rest_route=\/wp\/v2\/users\/2"}],"replies":[{"embeddable":true,"href":"https:\/\/oshol.hasici-ol.cz\/index.php?rest_route=%2Fwp%2Fv2%2Fcomments&post=5480"}],"version-history":[{"count":138,"href":"https:\/\/oshol.hasici-ol.cz\/index.php?rest_route=\/wp\/v2\/pages\/5480\/revisions"}],"predecessor-version":[{"id":7904,"href":"https:\/\/oshol.hasici-ol.cz\/index.php?rest_route=\/wp\/v2\/pages\/5480\/revisions\/7904"}],"up":[{"embeddable":true,"href":"https:\/\/oshol.hasici-ol.cz\/index.php?rest_route=\/wp\/v2\/pages\/22"}],"wp:attachment":[{"href":"https:\/\/oshol.hasici-ol.cz\/index.php?rest_route=%2Fwp%2Fv2%2Fmedia&parent=5480"}],"curies":[{"name":"wp","href":"https:\/\/api.w.org\/{rel}","templated":true}]}}