{"id":6567,"date":"2022-02-08T11:58:30","date_gmt":"2022-02-08T11:58:30","guid":{"rendered":"https:\/\/oshol.hasici-ol.cz\/?page_id=6567"},"modified":"2026-02-26T20:15:28","modified_gmt":"2026-02-26T20:15:28","slug":"moravsky-pohar-serial-zavodu-dorostu-100m","status":"publish","type":"page","link":"https:\/\/oshol.hasici-ol.cz\/?page_id=6567","title":{"rendered":"Moravskoslezsk\u00fd poh\u00e1r &#8211; seri\u00e1l z\u00e1vod\u016f dorostu na 100m"},"content":{"rendered":"<p><strong>Rok 2026<\/strong><\/p>\n<p><a href=\"https:\/\/oshol.hasici-ol.cz\/wp-content\/uploads\/2026\/02\/OZ-Moravskoslezsky-pohar-2026.pdf\">OZ Moravskoslezsk\u00fd poh\u00e1r 2026<\/a><\/p>\n<p><strong>Rok 2025<\/strong><\/p>\n<p><a href=\"https:\/\/oshol.hasici-ol.cz\/wp-content\/uploads\/2025\/09\/OZ-BO-stofky-Ostrava-4.10.pdf\">OZ BO!!! stofky Ostrava, 4.10.<\/a><\/p>\n<p><a href=\"https:\/\/oshol.hasici-ol.cz\/wp-content\/uploads\/2025\/08\/OZ-Cesky-Tesin-100m_14.9.2025.pdf\">OZ \u010cesk\u00fd T\u011b\u0161in 100m_14.9.2025<\/a><\/p>\n<p><a href=\"https:\/\/oshol.hasici-ol.cz\/wp-content\/uploads\/2025\/08\/MSP_Ridec_vysledky-zavodu.pdf\">MSP_\u0158\u00edde\u010d_v\u00fdsledky z\u00e1vodu<\/a><\/p>\n<p><a href=\"https:\/\/oshol.hasici-ol.cz\/wp-content\/uploads\/2025\/07\/OZ-Stovky-u-Zlateho-potoka-Ridec-23.8.pdf\">OZ, Stovky u Zlat\u00e9ho potoka, \u0158\u00edde\u010d 23.8.<\/a><\/p>\n<p>&nbsp;!!! Z\u00e1vod MSP 100, kter\u00fd m\u011bl prob\u011bhnout 16.8. ve St\u0159\u00edte\u017ei nad Ludinou se z organiza\u010dn\u00edch d\u016fvodu RU\u0160\u00cd.<\/p>\n<p>Aktu\u00e1ln\u011b lze MSP sledovat i na FB str\u00e1nk\u00e1ch &#8211; <a href=\"https:\/\/www.facebook.com\/profile.php?id=100090705836106\" target=\"_blank\" rel=\"noopener\">zde<\/a><\/p>\n<p><a href=\"https:\/\/oshol.hasici-ol.cz\/wp-content\/uploads\/2025\/06\/OZ-Stovkovani-pod-Slunecnou-6.7.2025.pdf\">OZ, Stovkov\u00e1n\u00ed pod Slune\u010dnou 6.7.2025<\/a><\/p>\n<p><a href=\"https:\/\/oshol.hasici-ol.cz\/wp-content\/uploads\/2025\/02\/OZ-Moravskoslezsky-pohar-2025.pdf\">OZ Moravskoslezsk\u00fd poh\u00e1r 2025<\/a> + <a href=\"https:\/\/oshol.hasici-ol.cz\/wp-content\/uploads\/2025\/02\/Prihlasovani-pres-hasicovo.pdf\">P\u0159ihla\u0161ov\u00e1ni p\u0159es hasi\u010dovo<\/a><\/p>\n<p>Rok 2024<\/p>\n<p><a href=\"https:\/\/oshol.hasici-ol.cz\/wp-content\/uploads\/2024\/10\/Vysledky-MSP-2024-konecne.pdf\">V\u00fdsledky MSP 2024 kone\u010dn\u00e9<\/a><\/p>\n<p><a href=\"https:\/\/oshol.hasici-ol.cz\/wp-content\/uploads\/2024\/10\/Vysledky-Olomoucke-100-VKY.pdf\">V\u00fdsledky Olomouck\u00e9 100-VKY<\/a><\/p>\n<p><a href=\"https:\/\/oshol.hasici-ol.cz\/wp-content\/uploads\/2024\/08\/OZ-Olomoucke-100-VKY-2024.pdf\">OZ Olomouck\u00e9 100-VKY 2024<\/a><\/p>\n<p><a href=\"https:\/\/oshol.hasici-ol.cz\/wp-content\/uploads\/2024\/09\/Vysledky-zavodu-Ridec-22.9.pdf\">V\u00fdsledky z\u00e1vodu, \u0158\u00edde\u010d 22.9.<\/a><\/p>\n<p><a href=\"https:\/\/oshol.hasici-ol.cz\/wp-content\/uploads\/2024\/09\/OZ-Stovky-u-Zlateho-potoka-Ridec-22.9.2024.pdf\">OZ Stovky u Zlat\u00e9ho potoka \u0158\u00edde\u010d 22.9.2024<\/a><\/p>\n<p><a href=\"https:\/\/oshol.hasici-ol.cz\/wp-content\/uploads\/2024\/08\/Vysledky-Stritez-n.-Ludinou-17.8.pdf\">V\u00fdsledky St\u0159\u00edte\u017e n. Ludinou 17.8.<\/a><\/p>\n<p><a href=\"https:\/\/oshol.hasici-ol.cz\/wp-content\/uploads\/2024\/08\/17.8.-Stovky-na-zahradach-Stritez-nad-Ludinou.pdf\">17.8. Stovky na zahrad\u00e1ch St\u0159ite\u017e nad Ludinou<\/a><\/p>\n<p><a href=\"https:\/\/oshol.hasici-ol.cz\/wp-content\/uploads\/2024\/07\/Stovkovani-pod-Slunecnou-I.-kolo-MSP-vysledky-1.pdf\">Stovkov\u00e1n\u00ed pod Slune\u010dnou ( I. kolo MSP) &#8211; v\u00fdsledky<\/a><\/p>\n<p><a href=\"https:\/\/oshol.hasici-ol.cz\/wp-content\/uploads\/2024\/03\/OZ-Moravskoslezsky-pohar-2024.pdf\">OZ Moravskoslezsk\u00fd poh\u00e1r 2024<\/a><\/p>\n<p><strong>rok 2023<\/strong><\/p>\n<p><a href=\"https:\/\/oshol.hasici-ol.cz\/wp-content\/uploads\/2023\/10\/MSP-2023-konecne-poradi.pdf\">MSP 2023 kone\u010dn\u00e9 po\u0159ad\u00ed<\/a><\/p>\n<p><a href=\"https:\/\/oshol.hasici-ol.cz\/wp-content\/uploads\/2023\/10\/Olomoucke-100-VKY-vysledky.pdf\">Olomouck\u00e9 100-VKY v\u00fdsledky<\/a><\/p>\n<p><a href=\"https:\/\/oshol.hasici-ol.cz\/wp-content\/uploads\/2023\/09\/Olomoucke-100-VKY-OZ-21.10.2023.pdf\">Olomouck\u00e9 100-VKY OZ 21.10.2023<\/a><\/p>\n<p><a href=\"https:\/\/oshol.hasici-ol.cz\/wp-content\/uploads\/2023\/09\/MSP-2023-celkove-k-18.9.2023.pdf\">MSP 2023 &#8211; celkov\u00e9 k 18.9.2023<\/a><\/p>\n<p><a href=\"https:\/\/oshol.hasici-ol.cz\/wp-content\/uploads\/2023\/09\/Cesky-Tesin-vysledky.pdf\">\u010cesk\u00fd T\u011b\u0161\u00edn v\u00fdsledky<\/a><\/p>\n<p><a href=\"https:\/\/oshol.hasici-ol.cz\/wp-content\/uploads\/2023\/08\/Cesky-Tesin-100m-OZ-17.9.2023.pdf\">\u010cesk\u00fd T\u011b\u0161\u00edn 100m OZ &#8211; 17.9.2023<\/a><\/p>\n<p><a href=\"https:\/\/oshol.hasici-ol.cz\/wp-content\/uploads\/2023\/08\/Markvartovice-vysledky.pdf\">Markvartovice &#8211; v\u00fdsledky<\/a><\/p>\n<p><a href=\"https:\/\/oshol.hasici-ol.cz\/wp-content\/uploads\/2023\/06\/Markvartovice-100m-15.7.-OZ.pdf\">Markvartovice 100m 15.7. OZ<\/a><\/p>\n<p>V\u00fdsledky II. z\u00e1vodu MSP Mor. Beroun 9.7. &#8211; <a href=\"https:\/\/oshol.hasici-ol.cz\/wp-content\/uploads\/2023\/07\/Dorostenky-1.pdf\">Dorostenky<\/a>, <a href=\"https:\/\/oshol.hasici-ol.cz\/wp-content\/uploads\/2023\/07\/Dorostenci-1.pdf\">Dorostenci<\/a><\/p>\n<p><a href=\"https:\/\/oshol.hasici-ol.cz\/wp-content\/uploads\/2023\/06\/Mor.-Beroun-9.7.2023-OZ.pdf\">Mor. Beroun 9.7.2023 OZ<\/a><\/p>\n<p><a href=\"https:\/\/oshol.hasici-ol.cz\/wp-content\/uploads\/2023\/05\/Vysledky-I.-zavodu-MSP-Hnevosice-30.4.pdf\">V\u00fdsledky I. z\u00e1vodu MSP Hn\u011bvo\u0161ice 30.4.<\/a><\/p>\n<p><a href=\"https:\/\/oshol.hasici-ol.cz\/wp-content\/uploads\/2023\/03\/Hnevosice-100m-30.4..pdf\">Hn\u011bvo\u0161ice 100m, 30.4.<\/a><\/p>\n<p><a href=\"https:\/\/oshol.hasici-ol.cz\/wp-content\/uploads\/2023\/04\/Moravskoslezsky-pohar-2023.pdf\">Moravskoslezsk\u00fd poh\u00e1r 2023<\/a><\/p>\n<p><strong>rok 2022<\/strong><\/p>\n<p><a href=\"https:\/\/oshol.hasici-ol.cz\/wp-content\/uploads\/2022\/10\/MSP-2022-vysledky-serialu.pdf\">MSP 2022 v\u00fdsledky seri\u00e1lu<\/a><\/p>\n<p>V. z\u00e1vod MSP Olomouc &#8211; <a href=\"https:\/\/oshol.hasici-ol.cz\/wp-content\/uploads\/2022\/10\/vysledky.pdf\">v\u00fdsledky<\/a><\/p>\n<p>IV. z\u00e1vod MSP Hn\u011bvo\u0161ice &#8211; <a href=\"https:\/\/oshol.hasici-ol.cz\/wp-content\/uploads\/2022\/09\/vysledky.pdf\">v\u00fdsledky<\/a><\/p>\n<p>III. z\u00e1vod MSP \u010cesk\u00fd T\u011b\u0161\u00edn &#8211; <a href=\"https:\/\/oshol.hasici-ol.cz\/wp-content\/uploads\/2022\/08\/vysledky.pdf\">v\u00fdsledky<\/a><\/p>\n<p>II. z\u00e1vod MSP Moravsk\u00fd Beroun &#8211; <a href=\"https:\/\/oshol.hasici-ol.cz\/wp-content\/uploads\/2022\/07\/vysledky-dorostenky.pdf\">v\u00fdsledky dorostenky<\/a> + <a href=\"https:\/\/oshol.hasici-ol.cz\/wp-content\/uploads\/2022\/07\/vysledky-dorostenci.pdf\">v\u00fdsledky dorostenci<\/a><\/p>\n<p>I. z\u00e1vod MSP Krava\u0159e &#8211; <a href=\"https:\/\/oshol.hasici-ol.cz\/wp-content\/uploads\/2022\/05\/Vysledky.pdf\">V\u00fdsledky<\/a><\/p>\n<p><a href=\"https:\/\/oshol.hasici-ol.cz\/wp-content\/uploads\/2022\/07\/Moravskoslezsky-pohar-2022.pdf\">Moravskoslezsk\u00fd poh\u00e1r 2022<\/a><\/p>\n\n\n<p><\/p>\n","protected":false},"excerpt":{"rendered":"<p>Rok 2026 OZ Moravskoslezsk\u00fd poh\u00e1r 2026 Rok 2025 OZ BO!!! stofky Ostrava, 4.10. OZ \u010cesk\u00fd T\u011b\u0161in 100m_14.9.2025 MSP_\u0158\u00edde\u010d_v\u00fdsledky z\u00e1vodu OZ, Stovky u Zlat\u00e9ho potoka, \u0158\u00edde\u010d 23.8. &nbsp;!!! Z\u00e1vod MSP 100, kter\u00fd m\u011bl prob\u011bhnout 16.8. ve &hellip;<\/p>\n","protected":false},"author":2,"featured_media":0,"parent":22,"menu_order":1,"comment_status":"closed","ping_status":"closed","template":"","meta":{"ngg_post_thumbnail":0,"footnotes":""},"class_list":["post-6567","page","type-page","status-publish","hentry"],"_links":{"self":[{"href":"https:\/\/oshol.hasici-ol.cz\/index.php?rest_route=\/wp\/v2\/pages\/6567","targetHints":{"allow":["GET"]}}],"collection":[{"href":"https:\/\/oshol.hasici-ol.cz\/index.php?rest_route=\/wp\/v2\/pages"}],"about":[{"href":"https:\/\/oshol.hasici-ol.cz\/index.php?rest_route=\/wp\/v2\/types\/page"}],"author":[{"embeddable":true,"href":"https:\/\/oshol.hasici-ol.cz\/index.php?rest_route=\/wp\/v2\/users\/2"}],"replies":[{"embeddable":true,"href":"https:\/\/oshol.hasici-ol.cz\/index.php?rest_route=%2Fwp%2Fv2%2Fcomments&post=6567"}],"version-history":[{"count":78,"href":"https:\/\/oshol.hasici-ol.cz\/index.php?rest_route=\/wp\/v2\/pages\/6567\/revisions"}],"predecessor-version":[{"id":7862,"href":"https:\/\/oshol.hasici-ol.cz\/index.php?rest_route=\/wp\/v2\/pages\/6567\/revisions\/7862"}],"up":[{"embeddable":true,"href":"https:\/\/oshol.hasici-ol.cz\/index.php?rest_route=\/wp\/v2\/pages\/22"}],"wp:attachment":[{"href":"https:\/\/oshol.hasici-ol.cz\/index.php?rest_route=%2Fwp%2Fv2%2Fmedia&parent=6567"}],"curies":[{"name":"wp","href":"https:\/\/api.w.org\/{rel}","templated":true}]}}