{"id":6736,"date":"2022-05-24T07:46:47","date_gmt":"2022-05-24T07:46:47","guid":{"rendered":"https:\/\/oshol.hasici-ol.cz\/?page_id=6736"},"modified":"2024-10-09T09:48:49","modified_gmt":"2024-10-09T09:48:49","slug":"zpv","status":"publish","type":"page","link":"https:\/\/oshol.hasici-ol.cz\/?page_id=6736","title":{"rendered":"ZHVB"},"content":{"rendered":"\n<h3 class=\"wp-block-heading\">2024<\/h3>\n\n\n<p><a href=\"https:\/\/oshol.hasici-ol.cz\/wp-content\/uploads\/2024\/10\/zhvb2024_starsi-2.pdf\">ZHVB-2024_starsi<\/a><\/p>\n<p><a href=\"https:\/\/oshol.hasici-ol.cz\/wp-content\/uploads\/2024\/10\/smiseny2024.pdf\">ZHVB -2024 sm\u00ed\u0161en\u00fd<\/a><\/p>\n<p><a href=\"https:\/\/oshol.hasici-ol.cz\/wp-content\/uploads\/2024\/10\/dorostenci2024.pdf\">ZHVB &#8211; 2024 dorostenci<\/a>&nbsp;<\/p>\n<p><a href=\"https:\/\/oshol.hasici-ol.cz\/wp-content\/uploads\/2024\/10\/mladsi-zhvb2024.pdf\">ZHVB &#8211; 2024 mlad\u0161\u00ed<\/a><\/p>\n<p><a href=\"https:\/\/oshol.hasici-ol.cz\/wp-content\/uploads\/2024\/10\/dorostenky2024.pdf\">ZHVB &#8211; 2024 dorostenky<\/a><\/p>\n\n\n<h3 class=\"wp-block-heading\">2022<\/h3>\n\n\n\n<p><span style=\"color: #3366ff;\">V\u00fdsledky ZPV &#8211;<\/span> <a href=\"https:\/\/oshol.hasici-ol.cz\/wp-content\/uploads\/2022\/10\/PLAMEN_mladsi-1.pdf\">mlad\u0161\u00ed<\/a>, <a href=\"https:\/\/oshol.hasici-ol.cz\/wp-content\/uploads\/2022\/10\/PLAMEN_starsi.pdf\">star\u0161\u00ed<\/a><\/p>\n\n\n\n<p><a href=\"https:\/\/oshol.hasici-ol.cz\/wp-content\/uploads\/2022\/10\/ZPV-2022.pdf\">OZ ZPV 2022<\/a>, <a href=\"https:\/\/oshol.hasici-ol.cz\/wp-content\/uploads\/2022\/10\/Prihlaska-ZPV.xls\">P\u0159ihl\u00e1\u0161ka ZPV<\/a><\/p>\n\n\n\n<h3 class=\"wp-block-heading\">2021<\/h3>\n\n\n\n<p><a href=\"https:\/\/oshol.hasici-ol.cz\/wp-content\/uploads\/2022\/05\/Vysledky-ZPV-2021.pdf\">Vysledky-ZPV-2021<\/a><\/p>\n\n\n\n<p><a href=\"https:\/\/oshol.hasici-ol.cz\/wp-content\/uploads\/2022\/05\/OZ-ZPV-2021.pdf\">OZ-ZPV-2021<\/a><\/p>\n\n\n\n<p><a href=\"https:\/\/oshol.hasici-ol.cz\/wp-content\/uploads\/2022\/05\/Prihlaska-ZPV.xls\">P\u0159ihl\u00e1\u0161ka ZPV<\/a><\/p>\n\n\n\n<p><\/p>\n\n\n\n<p><\/p>\n\n\n\n<p><\/p>\n","protected":false},"excerpt":{"rendered":"<p>2024 ZHVB-2024_starsi ZHVB -2024 sm\u00ed\u0161en\u00fd ZHVB &#8211; 2024 dorostenci&nbsp; ZHVB &#8211; 2024 mlad\u0161\u00ed ZHVB &#8211; 2024 dorostenky 2022 V\u00fdsledky ZPV &#8211; mlad\u0161\u00ed, star\u0161\u00ed OZ ZPV 2022, P\u0159ihl\u00e1\u0161ka ZPV 2021 Vysledky-ZPV-2021 OZ-ZPV-2021 P\u0159ihl\u00e1\u0161ka ZPV<\/p>\n","protected":false},"author":2,"featured_media":0,"parent":22,"menu_order":5,"comment_status":"closed","ping_status":"closed","template":"","meta":{"ngg_post_thumbnail":0,"footnotes":""},"class_list":["post-6736","page","type-page","status-publish","hentry"],"_links":{"self":[{"href":"https:\/\/oshol.hasici-ol.cz\/index.php?rest_route=\/wp\/v2\/pages\/6736","targetHints":{"allow":["GET"]}}],"collection":[{"href":"https:\/\/oshol.hasici-ol.cz\/index.php?rest_route=\/wp\/v2\/pages"}],"about":[{"href":"https:\/\/oshol.hasici-ol.cz\/index.php?rest_route=\/wp\/v2\/types\/page"}],"author":[{"embeddable":true,"href":"https:\/\/oshol.hasici-ol.cz\/index.php?rest_route=\/wp\/v2\/users\/2"}],"replies":[{"embeddable":true,"href":"https:\/\/oshol.hasici-ol.cz\/index.php?rest_route=%2Fwp%2Fv2%2Fcomments&post=6736"}],"version-history":[{"count":19,"href":"https:\/\/oshol.hasici-ol.cz\/index.php?rest_route=\/wp\/v2\/pages\/6736\/revisions"}],"predecessor-version":[{"id":7684,"href":"https:\/\/oshol.hasici-ol.cz\/index.php?rest_route=\/wp\/v2\/pages\/6736\/revisions\/7684"}],"up":[{"embeddable":true,"href":"https:\/\/oshol.hasici-ol.cz\/index.php?rest_route=\/wp\/v2\/pages\/22"}],"wp:attachment":[{"href":"https:\/\/oshol.hasici-ol.cz\/index.php?rest_route=%2Fwp%2Fv2%2Fmedia&parent=6736"}],"curies":[{"name":"wp","href":"https:\/\/api.w.org\/{rel}","templated":true}]}}