{"id":88,"date":"2010-03-23T23:59:02","date_gmt":"2010-03-23T23:59:02","guid":{"rendered":"http:\/\/192.168.13.234\/?page_id=88"},"modified":"2026-04-08T12:59:52","modified_gmt":"2026-04-08T12:59:52","slug":"aktualne-2","status":"publish","type":"page","link":"https:\/\/oshol.hasici-ol.cz\/?page_id=88","title":{"rendered":"AKTU\u00c1LN\u011a"},"content":{"rendered":"\n<p>K<strong>ancel\u00e1\u0159 je otev\u0159ena v\u017edy v pond\u011bl\u00ed a ve st\u0159edu od 9.00 do 17.00 hod. (12:00 a\u017e 13:00 poledn\u00ed p\u0159est\u00e1vka),&nbsp; ostatn\u00ed dny po telefonick\u00e9 domluv\u011b. Telefon do kancel\u00e1\u0159e \u2013 737 908 221 (V. \u0160vubov\u00e1), pevn\u00e1 linka 950 770 690. K&nbsp;zas\u00edl\u00e1n\u00ed \u010di z\u00edsk\u00e1n\u00ed informac\u00ed lze vyu\u017e\u00edt i emailovou adresu&nbsp;<a href=\"mailto:osh.olomouc@seznam.cz\">osh.olomouc@seznam.cz<\/a><\/strong><br><\/p>\n\n\n<p><\/p>\n<p><a href=\"https:\/\/oshol.hasici-ol.cz\/wp-content\/uploads\/2026\/04\/Odpoved-Belkove-Lastany.docx\">Odpov\u011b\u010f na ot\u00e1zky ze zpr\u00e1vy o valn\u00e9 hromad\u011b SDH . Pro SDH B\u011blkove-La\u0161\u0165any<\/a><\/p>\n<p><a href=\"https:\/\/oshol.hasici-ol.cz\/wp-content\/uploads\/2026\/02\/OZ-Okrsky-2026.pdf\">OZ Okrsky 2026<\/a><\/p>\n<p>Zru\u0161en\u00ed oznamovac\u00ed povinnosti p\u0159i prodeji lihovin &#8211; <a href=\"https:\/\/oshol.hasici-ol.cz\/wp-content\/uploads\/2025\/07\/Informace_25_32219.pdf\">Informace_25_32219<\/a><\/p>\n<h3><a href=\"https:\/\/oshol.hasici-ol.cz\/wp-content\/uploads\/2025\/03\/Placeni-clenskych-prispevku.pdf\">Placeni-clenskych-prispevku 2025<\/a>&nbsp;<\/h3>\n<p>___________________________________________________________<\/p>\n<p>Registra\u010dn\u00ed list sportovn\u00edho odd\u00edlu &#8211; <a href=\"https:\/\/oshol.hasici-ol.cz\/wp-content\/uploads\/2023\/01\/Registracni_list_sportovniho_oddilu_2022.xls\">Registra\u010dn\u00ed_list<\/a><\/p>\n<p>Registra\u010dn\u00ed list kolektivu MH (nov\u00fd) &#8211;&nbsp;<a href=\"https:\/\/oshol.hasici-ol.cz\/wp-content\/uploads\/2019\/10\/Registra\u010dn\u00ed-list-od-2019.xls\">Registra\u010dn\u00ed list<\/a><\/p>\n<p>&#8212;&#8212;&#8212;&#8212;&#8212;&#8212;&#8212;&#8212;&#8212;&#8212;&#8212;&#8212;&#8212;&#8212;&#8212;&#8212;&#8212;&#8212;&#8212;&#8212;&#8212;&#8212;&#8212;&#8212;&#8212;&#8212;&#8212;&#8212;&#8212;&#8212;&#8211;<\/p>\n<p><strong>Zkou\u0161ky odbornosti Preventista III., II.:<\/strong><\/p>\n<p>&#8212;&#8212;&#8212;&#8212;&#8212;&#8212;&#8212;&#8212;&#8212;&#8212;&#8212;&#8212;&#8212;&#8212;&#8212;&#8212;&#8212;&#8212;&#8212;&#8212;&#8212;&#8212;&#8212;&#8212;&#8212;&#8212;&#8212;&#8212;&#8212;&#8212;&#8211;<\/p>\n<p><strong><span style=\"color: #000000;\">Tiskopis P\u0159ehled o majetku a z\u00e1vazc\u00edch &#8211; do 31.5. ! :<\/span><\/strong><\/p>\n<p><a href=\"https:\/\/oshol.hasici-ol.cz\/wp-content\/uploads\/2010\/03\/P\u0159ehled-o-majetku-a-z\u00e1vazc\u00edch1.xlsx\" target=\"_blank\" rel=\"noopener\"><strong>P\u0159ehled o majetku a z\u00e1vazc\u00edch<\/strong><\/a> + <a href=\"https:\/\/oshol.hasici-ol.cz\/wp-content\/uploads\/2010\/03\/Metodicky-pokyn.doc\">Metodicky-pokyn<\/a><\/p>\n<p>&#8212;&#8212;&#8212;&#8212;&#8212;&#8212;&#8212;&#8212;&#8212;&#8212;&#8212;&#8212;&#8212;&#8212;&#8212;&#8212;&#8212;&#8212;&#8212;&#8212;&#8212;&#8212;&#8212;&#8212;&#8212;&#8212;&#8212;&#8212;&#8212;&#8212;&#8211;<\/p>\n<p><strong>Zm\u011bny ve spolkov\u00e9m rejst\u0159\u00edku:<\/strong><\/p>\n<p><a href=\"https:\/\/oshol.hasici-ol.cz\/wp-content\/uploads\/2018\/03\/souhlas-se-sidlem-sdh-2015.doc\">Souhlas se s\u00eddlem SDH<\/a> \/ <a href=\"https:\/\/oshol.hasici-ol.cz\/wp-content\/uploads\/2018\/03\/SOUHLAS-se-s\u00eddlem-fyzick\u00e1-osoba.doc\">SOUHLAS se s\u00eddlem SDH &#8211; fyzick\u00e1 osoba<\/a> \/ <a href=\"https:\/\/oshol.hasici-ol.cz\/wp-content\/uploads\/2018\/03\/souhlas-se-z\u00e1pisem-do-spolkov\u00e9ho-rejst\u0159\u00edku.doc\"><strong>Souhlas se z\u00e1pisem do spolkov\u00e9ho rejst\u0159\u00edku<\/strong><\/a>&nbsp; \/ <strong><a href=\"https:\/\/oshol.hasici-ol.cz\/wp-content\/uploads\/2018\/03\/\u010destn\u00e9-prohl\u00e1\u0161en\u00ed.doc\">\u010cestn\u00e9 prohl\u00e1\u0161en\u00ed<\/a><\/strong> \/ <a href=\"https:\/\/oshol.hasici-ol.cz\/wp-content\/uploads\/2018\/03\/vypis-z-usneseni-vh-sdh-2015.doc\"><strong>V\u00fdpis z usnesen\u00ed VH SDH<\/strong><\/a> \/ <a href=\"https:\/\/oshol.hasici-ol.cz\/wp-content\/uploads\/2010\/03\/P\u0159\u00edloha-k-RL-SDH.xls\"><strong>P\u0159\u00edloha k RL-SDH<\/strong><\/a><\/p>\n<p>&#8212;&#8212;&#8212;&#8212;&#8212;&#8212;&#8212;&#8212;&#8212;&#8212;&#8212;&#8212;&#8212;&#8212;&#8212;&#8212;&#8212;&#8212;&#8212;&#8212;&#8212;&#8212;&#8212;&#8212;&#8212;&#8212;&#8212;&#8212;&#8212;&#8212;&#8212;<\/p>\n<p><strong>Obrazov\u00e1 p\u0159\u00edloha Stejnokrojov\u00e9ho p\u0159edpisu SH \u010cMS:<\/strong><\/p>\n<p><a href=\"https:\/\/www.dh.cz\/images\/Dokumenty\/Vnitroorganizacni\/stejnokrojovy-predpis-2016\/Obrazova-priloha-katalog-Stejnokrojoveho-predpisu-SHCMS.pdf\" target=\"_blank\" rel=\"noopener\">https:\/\/www.dh.cz\/images\/Dokumenty\/Vnitroorganizacni\/stejnokrojovy-predpis-2016\/Obrazova-priloha-katalog-Stejnokrojoveho-predpisu-SHCMS.pdf<\/a><\/p>\n<p><strong>Stejnokrojov\u00fd p\u0159edpis SH \u010cMS platn\u00fd od 1.6.2016:<\/strong><\/p>\n<p><a href=\"https:\/\/www.dh.cz\/index.php\/usek-vnitroorganizacni\/dokumenty\/20-stejnokrojovy-predpis-platny-od-1-6-2016\" target=\"_blank\" rel=\"noopener\">https:\/\/www.dh.cz\/index.php\/usek-vnitroorganizacni\/dokumenty\/20-stejnokrojovy-predpis-platny-od-1-6-2016<\/a><\/p>\n<p><strong>Jmenovky \u010dlena SH \u010cMS na z\u00e1klad\u011b nov\u00e9ho stejnokrojov\u00e9ho p\u0159edpisu je mo\u017en\u00e9 objedn\u00e1vat na OSH Olomouc.<\/strong><\/p>\n<p>Adresa pro vstup do centr\u00e1ln\u00ed evidence je <a href=\"http:\/\/www.evidencesdh.cz\" target=\"_blank\" rel=\"noopener\">www.evidencesdh.cz<\/a> . Stru\u010dn\u00fd n\u00e1vod pro ovl\u00e1d\u00e1n\u00ed programu je zde &#8211; <a href=\"https:\/\/oshol.hasici-ol.cz\/wp-content\/uploads\/2010\/03\/Sezn\u00e1men\u00ed-s-programem.doc\">Sezn\u00e1men\u00ed s programem<\/a><\/p>\n<p>Internetov\u00e9 str\u00e1nky <span style=\"font-size: medium;\">KSH Olomouck\u00e9ho kraje<\/span> jsou <a href=\"http:\/\/kshol.hasici-ol.cz\/\" target=\"_blank\" rel=\"noopener\">http:\/\/kshol.hasici-ol.cz\/<\/a> a e-mail <a href=\"mailto:ksh.olomouc@seznam.cz\">kshol.kr@seznam.cz<\/a><\/p>","protected":false},"excerpt":{"rendered":"<p>Kancel\u00e1\u0159 je otev\u0159ena v\u017edy v pond\u011bl\u00ed a ve st\u0159edu od 9.00 do 17.00 hod. (12:00 a\u017e 13:00 poledn\u00ed p\u0159est\u00e1vka),&nbsp; ostatn\u00ed dny po telefonick\u00e9 domluv\u011b. Telefon do kancel\u00e1\u0159e \u2013 737 908 221 (V. \u0160vubov\u00e1), pevn\u00e1 linka &hellip;<\/p>\n","protected":false},"author":1,"featured_media":0,"parent":0,"menu_order":2,"comment_status":"closed","ping_status":"closed","template":"","meta":{"ngg_post_thumbnail":0,"footnotes":""},"class_list":["post-88","page","type-page","status-publish","hentry"],"_links":{"self":[{"href":"https:\/\/oshol.hasici-ol.cz\/index.php?rest_route=\/wp\/v2\/pages\/88","targetHints":{"allow":["GET"]}}],"collection":[{"href":"https:\/\/oshol.hasici-ol.cz\/index.php?rest_route=\/wp\/v2\/pages"}],"about":[{"href":"https:\/\/oshol.hasici-ol.cz\/index.php?rest_route=\/wp\/v2\/types\/page"}],"author":[{"embeddable":true,"href":"https:\/\/oshol.hasici-ol.cz\/index.php?rest_route=\/wp\/v2\/users\/1"}],"replies":[{"embeddable":true,"href":"https:\/\/oshol.hasici-ol.cz\/index.php?rest_route=%2Fwp%2Fv2%2Fcomments&post=88"}],"version-history":[{"count":910,"href":"https:\/\/oshol.hasici-ol.cz\/index.php?rest_route=\/wp\/v2\/pages\/88\/revisions"}],"predecessor-version":[{"id":7934,"href":"https:\/\/oshol.hasici-ol.cz\/index.php?rest_route=\/wp\/v2\/pages\/88\/revisions\/7934"}],"wp:attachment":[{"href":"https:\/\/oshol.hasici-ol.cz\/index.php?rest_route=%2Fwp%2Fv2%2Fmedia&parent=88"}],"curies":[{"name":"wp","href":"https:\/\/api.w.org\/{rel}","templated":true}]}}