{"id":880,"date":"2011-02-14T09:25:18","date_gmt":"2011-02-14T09:25:18","guid":{"rendered":"http:\/\/oshol.hasici-ol.cz\/?page_id=880"},"modified":"2019-02-25T07:23:45","modified_gmt":"2019-02-25T07:23:45","slug":"tohatsu-firecup","status":"publish","type":"page","link":"https:\/\/oshol.hasici-ol.cz\/?page_id=880","title":{"rendered":"TOHATSU FIRECUP"},"content":{"rendered":"<p><strong>Seri\u00e1l z\u00e1vod\u016f TFC byl rokem 2017 ukon\u010den. D\u011bkujeme v\u0161em sbor\u016fm kter\u00e9 se t\u011bchto z\u00e1vod\u016f z\u016f\u010dast\u0148ovali za podporu a \u00fa\u010dast. <\/strong><\/p>\n<p><a href=\"https:\/\/oshol.hasici-ol.cz\/wp-content\/uploads\/2011\/02\/Celkov\u00e9-v\u00fdsledky-TFC-2017.xlsx\">Celkov\u00e9 v\u00fdsledky TFC 2017<\/a><\/p>\n<p>Celkov\u00e9 v\u00fdsledky TFC 2016 &#8211; <a href=\"https:\/\/oshol.hasici-ol.cz\/wp-content\/uploads\/2011\/02\/MU\u017dI3.pdf\">MU\u017dI<\/a>, <a href=\"https:\/\/oshol.hasici-ol.cz\/wp-content\/uploads\/2011\/02\/\u017dENY2.pdf\">\u017dENY<\/a><\/p>\n<p>Celkov\u00e9 v\u00fdsledky TFC 2015 &#8211; <a href=\"https:\/\/oshol.hasici-ol.cz\/wp-content\/uploads\/2011\/02\/Muzi13.pdf\">Muzi<\/a>, <a href=\"https:\/\/oshol.hasici-ol.cz\/wp-content\/uploads\/2011\/02\/Zeny14.pdf\">Zeny<\/a><\/p>\n<p>Str\u00e1nky <a href=\"http:\/\/www.tohatsu.cz\" target=\"_blank\" rel=\"noopener\">TOHATSU FIRECUP<\/a> v pod\u00e1n\u00ed spole\u010dnosti <a href=\"http:\/\/www.zht.cz\" target=\"_blank\" rel=\"noopener\">ZHT Group s.r.o<\/a>.<\/p>\n<p>Facebookovou komunikac\u00ed k TFC m\u016f\u017eete p\u0159isp\u011bt <a href=\"https:\/\/www.facebook.com\/tohatsu.cz\" target=\"_blank\" rel=\"noopener\">ZDE<\/a><\/p>\n<p>Celkov\u00e9 v\u00fdsledky TFC 2014&nbsp;&#8211; <a href=\"https:\/\/oshol.hasici-ol.cz\/wp-content\/uploads\/2011\/02\/Mu\u017ei12.pdf\">Mu\u017ei<\/a>, <a href=\"https:\/\/oshol.hasici-ol.cz\/wp-content\/uploads\/2011\/02\/\u017deny13.pdf\">\u017deny<\/a><\/p>\n<p>Celkov\u00e9 v\u00fdsledky TFC 2013 &#8211;&nbsp;<a href=\"https:\/\/oshol.hasici-ol.cz\/wp-content\/uploads\/2011\/02\/TFC-Mu\u017ei8.pdf\">TFC Mu\u017ei<\/a> , <a href=\"https:\/\/oshol.hasici-ol.cz\/wp-content\/uploads\/2011\/02\/TFC_\u017deny.pdf\">TFC_\u017deny<\/a><\/p>\n<p>Celkov\u00e9 v\u00fdsledky TFC 2012 &#8211; <a href=\"https:\/\/oshol.hasici-ol.cz\/wp-content\/uploads\/2011\/02\/Vysledky-muzi3.pdf\">Vysledky muzi<\/a> + <a href=\"https:\/\/oshol.hasici-ol.cz\/wp-content\/uploads\/2011\/02\/Vysledky-zeny3.pdf\">Vysledky zeny<\/a><\/p>\n<p>Celkov\u00e9 v\u00fdsledky TFC 2011 &#8211; <a href=\"https:\/\/oshol.hasici-ol.cz\/wp-content\/uploads\/2011\/02\/celkove_vysledky_muzi.pdf\">celkove_vysledky_muzi<\/a><\/p>\n<p><a href=\"https:\/\/oshol.hasici-ol.cz\/wp-content\/uploads\/2011\/02\/celkove_vysledky_zeny.pdf\">celkove_vysledky_zeny<\/a><\/p>\n","protected":false},"excerpt":{"rendered":"<p>Seri\u00e1l z\u00e1vod\u016f TFC byl rokem 2017 ukon\u010den. D\u011bkujeme v\u0161em sbor\u016fm kter\u00e9 se t\u011bchto z\u00e1vod\u016f z\u016f\u010dast\u0148ovali za podporu a \u00fa\u010dast. Celkov\u00e9 v\u00fdsledky TFC 2017 Celkov\u00e9 v\u00fdsledky TFC 2016 &#8211; MU\u017dI, \u017dENY Celkov\u00e9 v\u00fdsledky TFC 2015 &#8211; &hellip;<\/p>\n","protected":false},"author":1,"featured_media":0,"parent":32,"menu_order":3,"comment_status":"open","ping_status":"open","template":"","meta":{"ngg_post_thumbnail":0,"footnotes":""},"class_list":["post-880","page","type-page","status-publish","hentry"],"_links":{"self":[{"href":"https:\/\/oshol.hasici-ol.cz\/index.php?rest_route=\/wp\/v2\/pages\/880","targetHints":{"allow":["GET"]}}],"collection":[{"href":"https:\/\/oshol.hasici-ol.cz\/index.php?rest_route=\/wp\/v2\/pages"}],"about":[{"href":"https:\/\/oshol.hasici-ol.cz\/index.php?rest_route=\/wp\/v2\/types\/page"}],"author":[{"embeddable":true,"href":"https:\/\/oshol.hasici-ol.cz\/index.php?rest_route=\/wp\/v2\/users\/1"}],"replies":[{"embeddable":true,"href":"https:\/\/oshol.hasici-ol.cz\/index.php?rest_route=%2Fwp%2Fv2%2Fcomments&post=880"}],"version-history":[{"count":190,"href":"https:\/\/oshol.hasici-ol.cz\/index.php?rest_route=\/wp\/v2\/pages\/880\/revisions"}],"predecessor-version":[{"id":5464,"href":"https:\/\/oshol.hasici-ol.cz\/index.php?rest_route=\/wp\/v2\/pages\/880\/revisions\/5464"}],"up":[{"embeddable":true,"href":"https:\/\/oshol.hasici-ol.cz\/index.php?rest_route=\/wp\/v2\/pages\/32"}],"wp:attachment":[{"href":"https:\/\/oshol.hasici-ol.cz\/index.php?rest_route=%2Fwp%2Fv2%2Fmedia&parent=880"}],"curies":[{"name":"wp","href":"https:\/\/api.w.org\/{rel}","templated":true}]}}